{"id":2,"date":"2023-07-04T18:03:43","date_gmt":"2023-07-04T18:03:43","guid":{"rendered":"https:\/\/obaudoraul.com.br\/?page_id=2"},"modified":"2023-11-26T05:34:11","modified_gmt":"2023-11-26T05:34:11","slug":"inicio","status":"publish","type":"page","link":"https:\/\/obaudoraul.com.br\/","title":{"rendered":"In\u00edcio"},"content":{"rendered":"<p>[et_pb_section fb_built=&#8221;1&#8243; custom_padding_last_edited=&#8221;on|desktop&#8221; admin_label=&#8221;Header&#8221; _builder_version=&#8221;4.23&#8243; background_color=&#8221;rgba(0,0,0,0.67)&#8221; background_image=&#8221;https:\/\/obaudoraul.com.br\/wp-content\/uploads\/2023\/07\/BG-CAPA-O-BAU-DO-RAUL.jpg&#8221; background_blend=&#8221;darken&#8221; min_height_tablet=&#8221;747px&#8221; min_height_phone=&#8221;747px&#8221; min_height_last_edited=&#8221;off|phone&#8221; height_tablet=&#8221;100vh&#8221; height_phone=&#8221;&#8221; height_last_edited=&#8221;on|tablet&#8221; custom_padding=&#8221;5vw||10vw||false|&#8221; custom_padding_tablet=&#8221;38px||38px||true|false&#8221; custom_padding_phone=&#8221;20vw||||false|false&#8221; custom_css_main_element=&#8221;||background-attachment:fixed !Important&#8221; global_colors_info=&#8221;{}&#8221;][et_pb_row column_structure=&#8221;1_2,1_2&#8243; make_equal=&#8221;on&#8221; _builder_version=&#8221;4.23&#8243; positioning=&#8221;none&#8221; position_origin_a=&#8221;center_center&#8221; position_origin_a_tablet=&#8221;center_center&#8221; position_origin_a_phone=&#8221;center_center&#8221; position_origin_a_last_edited=&#8221;off|desktop&#8221; position_origin_f_last_edited=&#8221;off|desktop&#8221; position_origin_r_last_edited=&#8221;off|desktop&#8221; max_width=&#8221;none&#8221; custom_padding=&#8221;0px||0px||true|&#8221; positioning_tablet=&#8221;absolute&#8221; positioning_phone=&#8221;none&#8221; positioning_last_edited=&#8221;off|desktop&#8221; global_colors_info=&#8221;{}&#8221;][et_pb_column type=&#8221;1_2&#8243; _builder_version=&#8221;4.16&#8243; global_colors_info=&#8221;{}&#8221;][et_pb_video src=&#8221;https:\/\/obaudoraul.com.br\/wp-content\/uploads\/2023\/11\/o-bau-do-raul.mp4&#8243; image_src=&#8221;https:\/\/obaudoraul.com.br\/wp-content\/uploads\/2023\/11\/o-bau-do-raul.png&#8221; _builder_version=&#8221;4.23&#8243; _module_preset=&#8221;default&#8221; global_colors_info=&#8221;{}&#8221;][\/et_pb_video][\/et_pb_column][et_pb_column type=&#8221;1_2&#8243; _builder_version=&#8221;4.21.0&#8243; custom_css_main_element=&#8221;align-self:center&#8221; global_colors_info=&#8221;{}&#8221;][et_pb_text _builder_version=&#8221;4.23&#8243; _module_preset=&#8221;default&#8221; text_font=&#8221;Serial|600|||||||&#8221; text_text_color=&#8221;#FFFFFF&#8221; text_font_size=&#8221;20px&#8221; text_letter_spacing=&#8221;3px&#8221; text_line_height=&#8221;1.2em&#8221; custom_margin=&#8221;||4px||false|false&#8221; text_font_size_tablet=&#8221;20px&#8221; text_font_size_phone=&#8221;16px&#8221; text_font_size_last_edited=&#8221;on|phone&#8221; global_colors_info=&#8221;{}&#8221;]<\/p>\n<p>Como diria Raulzito&#8230;&#8221;Um abra\u00e7o e at\u00e9 outra vez&#8221;<\/p>\n<p>Imposs\u00edvel expressar tamanha gratid\u00e3o aos artistas, a produ\u00e7\u00e3o, a equipe e a todos que participaram dessa grande homenagem.<\/p>\n<p>&#8220;O Ba\u00fa do Raul&#8221; homenageou com grande respeito e carinho a obra de Raul Seixas, com uma banda incr\u00edvel, artistas talentosos e foi acolhido por um p\u00fablico \u00edmpar, que cantou e se emocionou em cada letra, em cada acorde.<\/p>\n<p>A Concha Ac\u00fastica do @teatrocastroalvesoficial foi palco de um grande espet\u00e1culo que ficar\u00e1 guardado pra sempre nos nossos cora\u00e7\u00f5es.<\/p>\n<p>[\/et_pb_text][et_pb_text _builder_version=&#8221;4.23&#8243; text_font=&#8221;||||||||&#8221; text_font_size=&#8221;16px&#8221; text_line_height=&#8221;1.8em&#8221; header_font=&#8221;||||||||&#8221; header_2_font=&#8221;Serial|600||on|||||&#8221; header_2_text_align=&#8221;left&#8221; header_2_text_color=&#8221;#FFFFFF&#8221; header_2_font_size=&#8221;39px&#8221; header_2_line_height=&#8221;1.2em&#8221; text_orientation=&#8221;center&#8221; width_tablet=&#8221;600px&#8221; width_phone=&#8221;400px&#8221; width_last_edited=&#8221;off|phone&#8221; module_alignment=&#8221;center&#8221; custom_margin=&#8221;25px|0px|16px|0px|false|true&#8221; header_2_font_size_tablet=&#8221;50px&#8221; header_2_font_size_phone=&#8221;30px&#8221; header_2_font_size_last_edited=&#8221;on|phone&#8221; text_text_align=&#8221;center&#8221; locked=&#8221;off&#8221; global_colors_info=&#8221;{}&#8221;]<\/p>\n<h2>Valeu, SALVADOR-BA.<\/h2>\n<p>[\/et_pb_text][et_pb_text _builder_version=&#8221;4.23&#8243; text_font=&#8221;||||||||&#8221; text_text_color=&#8221;#FFFFFF&#8221; text_font_size=&#8221;16px&#8221; text_line_height=&#8221;1.8em&#8221; link_font=&#8221;|700||on|||||&#8221; link_text_align=&#8221;right&#8221; link_text_color=&#8221;#ff9c7a&#8221; link_font_size=&#8221;12px&#8221; link_letter_spacing=&#8221;4px&#8221; header_font=&#8221;||||||||&#8221; header_3_font=&#8221;Serial|||on|||||&#8221; header_3_text_align=&#8221;left&#8221; header_3_text_color=&#8221;#FFB700&#8243; header_3_font_size=&#8221;30px&#8221; header_3_letter_spacing=&#8221;10px&#8221; header_3_line_height=&#8221;1.2em&#8221; width_phone=&#8221;100%&#8221; width_last_edited=&#8221;off|phone&#8221; custom_margin=&#8221;||31px|||&#8221; header_3_font_size_tablet=&#8221;25px&#8221; header_3_font_size_phone=&#8221;20px&#8221; header_3_font_size_last_edited=&#8221;on|phone&#8221; text_text_align=&#8221;center&#8221; locked=&#8221;off&#8221; global_colors_info=&#8221;{}&#8221;]<\/p>\n<h3>TOCA RAAAAAAUUUUUUL\u2665\ufe0f<\/h3>\n<p>[\/et_pb_text][et_pb_blurb image_icon_width=&#8221;33px&#8221; _builder_version=&#8221;4.23&#8243; _module_preset=&#8221;default&#8221; header_level=&#8221;h3&#8243; header_font=&#8221;Serial|700|||||||&#8221; header_text_align=&#8221;center&#8221; header_text_color=&#8221;#FFFFFF&#8221; body_font=&#8221;|700|||||||&#8221; body_text_align=&#8221;left&#8221; body_text_color=&#8221;#f2f2f2&#8243; body_font_size=&#8221;15px&#8221; global_colors_info=&#8221;{}&#8221;]<\/p>\n<p>12\/11\/2023 &#8211; Concha Ac\u00fastica do Teatro Castro Alves &#8211; Salvador BA<\/p>\n<p>[\/et_pb_blurb][\/et_pb_column][\/et_pb_row][\/et_pb_section]<\/p>\n","protected":false},"excerpt":{"rendered":"<p>Como diria Raulzito&#8230;&#8221;Um abra\u00e7o e at\u00e9 outra vez&#8221; Imposs\u00edvel expressar tamanha gratid\u00e3o aos artistas, a produ\u00e7\u00e3o, a equipe e a todos que participaram dessa grande homenagem. &#8220;O Ba\u00fa do Raul&#8221; homenageou com grande respeito e carinho a obra de Raul Seixas, com uma banda incr\u00edvel, artistas talentosos e foi acolhido por um p\u00fablico \u00edmpar, que [&hellip;]<\/p>\n","protected":false},"author":1,"featured_media":0,"parent":0,"menu_order":0,"comment_status":"closed","ping_status":"closed","template":"page-template-blank.php","meta":{"_et_pb_use_builder":"on","_et_pb_old_content":"<!-- wp:paragraph -->\r\n<p>This is an example page. It's different from a blog post because it will stay in one place and will show up in your site navigation (in most themes). Most people start with an About page that introduces them to potential site visitors. It might say something like this:<\/p>\r\n<!-- \/wp:paragraph -->\r\n\r\n<!-- wp:quote -->\r\n<blockquote class=\"wp-block-quote\">\r\n<p>Hi there! I'm a bike messenger by day, aspiring actor by night, and this is my website. I live in Los Angeles, have a great dog named Jack, and I like pi\u00f1a coladas. (And gettin' caught in the rain.)<\/p>\r\n<\/blockquote>\r\n<!-- \/wp:quote -->\r\n\r\n<!-- wp:paragraph -->\r\n<p>...or something like this:<\/p>\r\n<!-- \/wp:paragraph -->\r\n\r\n<!-- wp:quote -->\r\n<blockquote class=\"wp-block-quote\">\r\n<p>The XYZ Doohickey Company was founded in 1971, and has been providing quality doohickeys to the public ever since. Located in Gotham City, XYZ employs over 2,000 people and does all kinds of awesome things for the Gotham community.<\/p>\r\n<\/blockquote>\r\n<!-- \/wp:quote -->\r\n\r\n<!-- wp:paragraph -->\r\n<p>As a new WordPress user, you should go to <a href=\"https:\/\/obaudoraul.com.br\/wp-admin\/\">your dashboard<\/a> to delete this page and create new pages for your content. Have fun!<\/p>\r\n<!-- \/wp:paragraph -->","_et_gb_content_width":"","footnotes":""},"class_list":["post-2","page","type-page","status-publish","hentry"],"_links":{"self":[{"href":"https:\/\/obaudoraul.com.br\/index.php\/wp-json\/wp\/v2\/pages\/2","targetHints":{"allow":["GET"]}}],"collection":[{"href":"https:\/\/obaudoraul.com.br\/index.php\/wp-json\/wp\/v2\/pages"}],"about":[{"href":"https:\/\/obaudoraul.com.br\/index.php\/wp-json\/wp\/v2\/types\/page"}],"author":[{"embeddable":true,"href":"https:\/\/obaudoraul.com.br\/index.php\/wp-json\/wp\/v2\/users\/1"}],"replies":[{"embeddable":true,"href":"https:\/\/obaudoraul.com.br\/index.php\/wp-json\/wp\/v2\/comments?post=2"}],"version-history":[{"count":27,"href":"https:\/\/obaudoraul.com.br\/index.php\/wp-json\/wp\/v2\/pages\/2\/revisions"}],"predecessor-version":[{"id":89,"href":"https:\/\/obaudoraul.com.br\/index.php\/wp-json\/wp\/v2\/pages\/2\/revisions\/89"}],"wp:attachment":[{"href":"https:\/\/obaudoraul.com.br\/index.php\/wp-json\/wp\/v2\/media?parent=2"}],"curies":[{"name":"wp","href":"https:\/\/api.w.org\/{rel}","templated":true}]}}